tors of u(-7)?
3, 7103
Let t(h) = -7*h**3 - 3*h**2 + 2*h + 13. Let s be t(-3). Let v = s - 121. Let p = v + 5. List the prime factors of p.
53
Suppose 4*g - 5*d - 127350 - 51690 = 0, -2*d + 134326 = 3*g. List the prime factors of g.
2, 5, 11, 37
Let n be 6/(-2 + 2 - -2). List the prime factors of ((n - 1) + -888)/(-2).
443
Let y = -13201 - -22185. List the prime factors of y.
2, 1123
Let z(y) = 38*y**2 - 19*y + 40. Let a be z(3). Let j = 1192 - a. What are the prime factors of j?
3, 17
Let m be ((-2)/(-10) - (-8949)/380)*212. Suppose -9*r - m = -14*r. What are the prime factors of r?
19, 53
Suppose 29*d - 661 = 1427. What are the prime factors of 3644/6 - 24/d?
607
Let y(a) = 1324*a + 6432. What are the prime factors of y(7)?
2, 5, 157
Let n be 48/(-18)*18/(-8). Suppose 3*m = n*m. List the prime factors of (5/2 - m)*310/25.
31
Let k be (-18)/63 + 44/7. Suppose -k*g - 121 = 107. Let o = g + 89. What are the prime factors of o?
3, 17
Let k(q) = 1571*q**2 + 39*q + 39. List the prime factors of k(-1).
1571
Let i(f) = 38*f**2 - f - 1. Suppose -2*k = -4*k + 100. Suppose k - 47 = 3*o. List the prime factors of i(o).
2, 3
Suppose 4*s + 2*p = 109510, s - 5*s = -5*p - 109517. Suppose -h = -28*h + s. What are the prime factors of h?
2, 3, 13
Let o be 2/((-8)/974)*(29 + -27). Let h = o - -776. List the prime factors of h.
17
Suppose 15*m - 20*m = 7045. Let k = -488 - m. List the prime factors of k.
3, 307
Let m be (1/(-3))/((-2)/3)*8. Suppose -h - 9 = -6, -1200 = -t + m*h. What are the prime factors of t?
2, 3, 11
Let d be (4/4 - -1)/((-16)/(-40)). Suppose -5*b = -3*b - d*t - 405, -3*t - 399 = -2*b. What are the prime factors of b?
3, 5, 13
Suppose 9*g - 160 = 407. List the prime factors of ((-4)/1 + g/18)*-144.
2, 3
Let s = 151 - 147. Suppose -2*o = 8, 4*x - s*o + 124 = 6*x. List the prime factors of x.
2, 5, 7
Let c = -4023 - -23796. What are the prime factors of c?
3, 13
List the prime factors of 540/(-10)*(1 + -737 - -2).
2, 3, 367
Let m = 26 + -24. Let t be ((-2)/m)/((-4)/1128). Suppose -192 = -3*k + t. List the prime factors of k.
2, 79
Suppose 0 = -2*d - d + 15, -4*m + d = -3211. Suppose m = -30*n + 28*n. What are the prime factors of (-1)/(1/6 + 73/n)?
67
Suppose -38*g = -22*g - 834048. List the prime factors of g.
2, 3, 181
Suppose 4*o + 69 = w, 3*o - 6*o - 54 = -3*w. Let f(s) = -s**3 - 17*s**2 - 4. Let l(p) = -p + 1. Let u(r) = f(r) + l(r). What are the prime factors of u(o)?
2, 7
Let r(d) = -10*d + 907. Let l be r(74). Suppose -106 = 2*q + 62. Let g = q + l. What are the prime factors of g?
83
Let b(k) = -5*k**2 - 8*k - 524*k**3 + 522*k**3 - 21*k + 1. List the prime factors of b(-4).
3, 5, 11
Let w be (2 + (0 - 1))*8. Let j(s) be the second derivative of s**4/12 - s**3/2 - 4*s**2 - 270*s. What are the prime factors of j(w)?
2
Let s(o) = -o - 1. Let i(n) = 4*n - 12. Let f(b) = -i(b) - 3*s(b). Let a(t) = -3*t**2 - 21*t + 3336. Let l be a(-37). List the prime factors of f(l).
3
Let z = 22907 + -8944. List the prime factors of z.
13963
Suppose -4*y = -7*y - 672. Let m = -378 - -860. Let h = m + y. What are the prime factors of h?
2, 3, 43
Suppose 0 = -6*g - 196 + 256. Suppose 76 = g*w - 1454. What are the prime factors of w?
3, 17
Suppose 0 = -o - 3*s - 1519 + 379, 0 = 5*o - 3*s + 5628. Let h = -691 - o. List the prime factors of h.
19, 23
Let i(f) be the second derivative of -f**5/2 + f**4/12 - f**3/3 + 3*f**2/2 - 115*f. What are the prime factors of i(-3)?
2, 3
Let o(j) = -j**3 + 36*j**2 - 43*j - 2072. What are the prime factors of o(-28)?
2, 3, 7, 587
Suppose -d + 2*k = -6224, -284*d + 280*d = k - 24914. What are the prime factors of d?
2, 3, 173
List the prime factors of -36245*(2 + -3 + 0).
5, 11, 659
Suppose 0 = p - 6*p - 20, d + 451 = -4*p. Let t(n) = -3*n**3 - 48*n**2 + 13*n - 20. Let f be t(-16). Let u = f - d. List the prime factors of u.
3, 23
Let s(n) = 298*n**2 - 13*n + 16. Let v(z) = -199*z**2 + 8*z - 10. Let b(l) = -5*s(l) - 8*v(l). Suppose 0 = 4*r - 1 - 3. What are the prime factors of b(r)?
103
Let t(a) = 12790*a + 6288. List the prime factors of t(3).
2, 3, 827
Suppose 3*z - 40 = -z. Suppose 5*u + 95 = z*u. Let r = u + -5. What are the prime factors of r?
2, 7
Let s(f) = f**2 + 12*f + 31. Let t be s(-10). Let b(y) = 83*y + 2. Let n be b(t). Suppose 5*z + 330 - n = 0. What are the prime factors of z?
3, 13
Let q(n) = n**3 + 23*n**2 + 2*n + 12. Let i be q(-24). Let h = i - -944. List the prime factors of h.
2, 83
Let j = 362 + -359. Suppose x + j*l - 393 = 2*l, -5*l - 1915 = -5*x. List the prime factors of x.
2, 97
Suppose 4*l + 81630 = 5*y, 0 = 4*y - 31*l + 35*l - 65268. What are the prime factors of y?
2, 8161
Let l(r) = -2*r**2 + 35*r - 12. Let z be l(17). What are the prime factors of (z + -8 + -607)/(-1)?
2, 5, 61
Suppose 5*j = 375 + 820. Suppose j - 911 = -2*r. What are the prime factors of r?
2, 3, 7
Let h = -92 - -102. Suppose 3*x - 154 = -h. What are the prime factors of x?
2, 3
Suppose 4*h - 6*h + 2 = 0. Let w(x) = -426*x**3 - 2*x**2 + 3*x - 2. Let d be w(h). Let t = -178 - d. List the prime factors of t.
3, 83
Suppose -175 = -4*v - 5*u, -23*u = -2*v - 22*u + 105. Let r = -244 - -137. Let m = v - r. List the prime factors of m.
157
Suppose 317950 = 292*s - 136*s - 131*s. What are the prime factors of s?
2, 6359
Suppose -10 = -17*x + 15*x. Suppose 4600 = x*t - 5*a, 0*t - 4*a + 2739 = 3*t. List the prime factors of t.
7, 131
Let b be ((-135)/12)/(-3 + 177/60). Suppose 3*p = b + 1029. Let j = p + -269. List the prime factors of j.
149
Let b(c) be the first derivative of -15*c**2 + 57*c + 5. Let i = -12 - -6. List the prime factors of b(i).
3, 79
Suppose t = f + 7471, t = 4*f + 8545 - 1086. List the prime factors of t.
5, 13, 23
Suppose 5*y - 5925 = -5*p, 0*p + 4*p - 4*y = 4780. Suppose -3*d - 2*d + 2358 = 2*a, -a + 3*d + p = 0. Suppose -10*k = -2*k - a. List the prime factors of k.
2, 37
Let m = 3859 + -2304. Suppose 11*j + m = 4800. List the prime factors of j.
5, 59
Suppose -18 = 3*h - 24. Suppose -2*p = 1 - 3. Suppose 3*q + b - 15 = p, -h*q - 6 = 4*b. List the prime factors of q.
7
Let m(y) = -2*y**2 + 23*y + 4. Let v be m(11). Suppose -v = 2*s - 7. List the prime factors of (-66)/s*2/(-3)*-19.
11, 19
Let l(u) = -979*u + 3083. What are the prime factors of l(-11)?
2, 3463
Let x be 0 - (-115*17 + 0). Suppose -7*c = 10*c - x. List the prime factors of c.
5, 23
Let r = -1 + 3. Suppose 0 = -h - r, 187 = 4*z - 2*h + 75. List the prime factors of z.
3
Let w(d) = 11*d + 329. What are the prime factors of w(28)?
7, 13
Suppose 0 = -12*j + 24 + 24. Suppose 0 = 4*g - j*x, -4*g + 8 = -g - x. Suppose -3*w = 2*d - 139 - 175, 220 = 2*w + g*d. List the prime factors of w.
2, 3, 17
Let l be (-6)/((-18)/(-15)) + 3. Let c(t) = -77*t - 2. Let z(m) = -38*m - 1. Let p(s) = 3*c(s) - 5*z(s). What are the prime factors of p(l)?
3
Let n = -88 - -90. Suppose 0 = -3*w - 3*l + 298 + 554, n*w - 589 = 5*l. What are the prime factors of w?
7, 41
Let t(h) = -387*h + 15. Suppose 42*v - 44*v = 4. What are the prime factors of t(v)?
3, 263
Let y(i) = 27*i**2 - 33*i - 214. List the prime factors of y(14).
2, 577
Let d = 50048 + -40419. What are the prime factors of d?
9629
Let k be (-7172)/(-6) + ((-282)/(-18) - 14). What are the prime factors of (10/3)/(6/k)?
5, 7, 19
Let q(h) = -29*h - 155. Let g be q(25). What are the prime factors of (-9)/(-3) - (g + 12)?
13, 67
Let a(l) = 5*l - 3*l - l. Suppose -2*i = -4*m - 16, 5*m = -3*i - 23 + 47. List the prime factors of a(i).
2
Let m(d) = -7*d - 3. Let a = -8 + 7. Let n be m(a). Suppose 99 = 7*v - n*v. What are the prime factors of v?
3, 11
Let b be 13 + (3 - 9) + -90. Let u = 252 - b. What are the prime factors of u?
5, 67
Suppose 2*p = -4*q - q + 115, -203 = -4*p - q. What are the prime factors of (34/(-4))/(199/p + -4)?
5, 17
Suppose -4*f + 20 = 0, 4*a + 993 = 3*a + 2*f. Let w = a + 1618. List the prime factors of w.
5, 127
Suppose -3*j - 2*x = -35, j + 5*x - 12 = 4. Let b(r) = 0*r + j - 13 - 4*r - 12. List the prime factors of b(-10).
2, 13
Let w = -110 + 114. Suppose -t + 25 = -5*s, 0 = -w*s + 2*t - 10 - 4. Let m = 15 - s. What are the prime factors of m?
3, 7
Let z = -8 - -10. Suppose 9 = 4*i + 2*l + l, -z*i + 2*l = -22. Let k(u) = 2*u**2 + 3*u + 6. What are the prime factors of k(i)?
2, 3
List the prime